the prime factors of 40521290?
2, 5, 37, 109517
List the prime factors of 141900357.
3, 47300119
List the prime factors of 6031352370.
2, 3, 5, 3691, 54469
What are the prime factors of 8170237785?
3, 5, 19, 151, 189851
List the prime factors of 49399125.
3, 5, 131731
List the prime factors of 17825466.
2, 3, 127, 149, 157
List the prime factors of 21852346.
2, 23, 475051
What are the prime factors of 69020438?
2, 34510219
What are the prime factors of 40742414?
2, 43, 227, 2087
What are the prime factors of 2190010237?
2190010237
What are the prime factors of 55236338?
2, 37, 43, 17359
What are the prime factors of 8412836272?
2, 12413, 42359
What are the prime factors of 26163064?
2, 3270383
List the prime factors of 34110549.
3, 11, 127, 2713
What are the prime factors of 2302848?
2, 3, 1999
List the prime factors of 49122797.
41, 349, 3433
What are the prime factors of 759658298?
2, 7, 54261307
What are the prime factors of 779450716?
2, 11, 109, 331, 491
List the prime factors of 292864381.
292864381
What are the prime factors of 316470698?
2, 3631, 43579
What are the prime factors of 35275298?
2, 389, 45341
List the prime factors of 1903033858.
2, 11, 86501539
List the prime factors of 94922488.
2, 11865311
List the prime factors of 244181864.
2, 43, 709831
What are the prime factors of 481850962?
2, 240925481
List the prime factors of 196686643.
191, 617, 1669
List the prime factors of 2957188644.
2, 3, 6949, 11821
List the prime factors of 1641756414.
2, 3, 101, 2709169
List the prime factors of 51656848.
2, 139, 23227
What are the prime factors of 133497397?
11, 12136127
What are the prime factors of 36602363?
7, 181, 4127
What are the prime factors of 207945724?
2, 7, 137, 151, 359
What are the prime factors of 408344541?
3, 11, 12374077
List the prime factors of 1571193629.
89, 17653861
What are the prime factors of 251197916?
2, 17, 43, 85909
What are the prime factors of 309464179?
139, 283, 7867
What are the prime factors of 196911714?
2, 3, 17, 173, 11159
List the prime factors of 211820370.
2, 3, 5, 1201, 5879
List the prime factors of 626902984.
2, 83, 503, 1877
What are the prime factors of 1072488875?
5, 29, 191, 1549
List the prime factors of 1011135182.
2, 505567591
What are the prime factors of 3399912087?
3, 11, 13, 157, 353
List the prime factors of 33403033.
33403033
List the prime factors of 376062639.
3, 73, 1717181
List the prime factors of 183423067.
183423067
List the prime factors of 107605340.
2, 5, 31, 197, 881
List the prime factors of 30748069.
11, 2795279
List the prime factors of 282454810.
2, 5, 11, 83, 30937
What are the prime factors of 40470041?
23, 79, 22273
What are the prime factors of 39690840?
2, 3, 5, 7, 47251
What are the prime factors of 52547723?
283, 185681
List the prime factors of 71527254.
2, 3, 11921209
List the prime factors of 176166776.
2, 22020847
What are the prime factors of 498557883?
3, 421, 599, 659
What are the prime factors of 3574361926?
2, 73, 139, 176129
List the prime factors of 5464140093.
3, 202375559
List the prime factors of 3093577333.
7, 11, 40176329
List the prime factors of 1214360102.
2, 607180051
What are the prime factors of 36851776?
2, 13, 44293
What are the prime factors of 13889927?
29, 478963
List the prime factors of 308700146.
2, 154350073
List the prime factors of 546774478.
2, 271, 1008809
What are the prime factors of 544721359?
7, 13, 113, 52973
List the prime factors of 407091259.
407091259
What are the prime factors of 439386567?
3, 103, 1421963
What are the prime factors of 224210602?
2, 7, 11, 19, 37, 109
List the prime factors of 471061552.
2, 13, 2264719
What are the prime factors of 82130362?
2, 41065181
List the prime factors of 19028974.
2, 113, 84199
What are the prime factors of 112697967?
3, 37, 643, 1579
List the prime factors of 1214216790.
2, 3, 5, 37, 1093889
List the prime factors of 103428724.
2, 7, 3693883
List the prime factors of 236540377.
43, 1237, 4447
What are the prime factors of 77517866?
2, 23, 1685171
List the prime factors of 872696730.
2, 3, 5, 59, 493049
List the prime factors of 6826549725.
3, 5, 53, 173, 1103
What are the prime factors of 3552521974?
2, 251, 7076737
What are the prime factors of 1407724852?
2, 351931213
List the prime factors of 2471370364.
2, 17909, 34499
List the prime factors of 2388281743.
12239, 195137
What are the prime factors of 4268487159?
3, 158092117
What are the prime factors of 1016579687?
1016579687
What are the prime factors of 6702258354?
2, 3, 11, 139, 730571
What are the prime factors of 43047111?
3, 17, 844061
List the prime factors of 384400127.
23, 1319, 12671
What are the prime factors of 198905748?
2, 3, 23, 577, 1249
What are the prime factors of 393642199?
97, 4058167
What are the prime factors of 17800313?
1723, 10331
What are the prime factors of 1785003740?
2, 5, 13, 17, 431, 937
List the prime factors of 787988469.
3, 9203, 28541
What are the prime factors of 818262924?
2, 3, 68188577
List the prime factors of 33017670.
2, 3, 5, 7, 7487
What are the prime factors of 348625202?
2, 53, 3288917
List the prime factors of 47481358.
2, 23740679
List the prime factors of 34933830.
2, 3, 5, 1164461
What are the prime factors of 1220621523?
3, 11, 23, 1608197
List the prime factors of 146137411.
7, 353, 59141
What are the prime factors of 59845701?
3, 23, 149, 5821
List the prime factors of 656567627.
29, 37, 241, 2539
List the prime factors of 290315445.
3, 5, 7, 394987
What are the prime factors of 341164868?
2, 11, 163, 47569
List the prime factors of 6511689491.
8501, 765991
What are the prime factors of 76977812?
2, 19244453
List the prime factors of 292227500.
2, 5, 41, 2851
List the prime factors of 26368590.
2, 3, 5, 878953
What are the prime factors of 97849868?
2, 229, 106823
List the prime factors of 51266024.
2, 6408253
What are the prime factors of 4691900940?
2, 3, 5, 78198349
List the prime factors of 362919235.
5, 7, 67, 22109
What are the prime factors of 671245001?
7, 73, 691, 1901
List the prime factors of 202306582.
2, 443, 228337
List the prime factors of 11579227.
11, 17, 19, 3259
List the prime factors of 52460692.
2, 13115173
List the prime factors of 147611851.
10861, 13591
What are the prime factors of 716153371?
716153371
List the prime factors of 15751912.
2, 11, 19, 9421
List the prime factors of 115064047.
7, 16437721
What are the prime factors of 398769770?
2, 5, 7, 5696711
What are the prime factors of 38710806?
2, 3, 37, 41, 4253
List the prime factors of 98124583.
98124583
What are the prime factors of 577806432?
2, 3, 7, 122833
What are the prime factors of 566872915?
5, 7, 2313767
What are the prime factors of 47588717?
11, 4326247
What are the prime factors of 219510447?
3, 13, 5628473
List the prime factors of 256740250.
2, 5, 13, 197, 401
What are the prime factors of 89918026?
2, 11, 61, 67003
List the prime factors of 40616485.
5, 7, 13, 17, 59, 89
What are the prime factors of 105607959?
3, 53, 283, 2347
What are the prime factors of 504611881?
23, 47, 466801
List the prime factors of 383540876.
2, 17, 197, 28631
List the prime factors of 20851701.
3, 13, 534659
What are the prime factors of 289643062?
2, 3371, 42961
List the prime factors of 1073931998.
2, 15359, 34961
What are the prime factors of 1432924879?
2467, 580837
List the prime factors of 1503595325.
5, 31, 1940123
What are the prime factors of 11094981?
3, 3698327
What are the prime factors of 409507889?
7, 58501127
List the prime factors of 56548851.
3, 17, 1108801
What are the prime factors of 930566371?
7, 1319, 100787
List the prime factors of 188225139.
3, 17, 3690689
What are the prime factors of 2603022525?
3, 5, 11568989
List the prime factors of 936819750.
2, 3, 5, 947, 1319
What are the prime factors of 1125834021?
3, 13, 9622513
List the prime factors of 314977498.
2, 11, 41, 349199
What are the prime factors of 3604037356?
2, 901009339
What are the prime factors of 191909195?
5, 37, 1037347
List the prime factors of 68002929.
3, 37, 68071
What are the prime factors of 93238718?
2, 46619359
What are the prime factors of 289025629?
29, 557, 617
What are the prime factors of 8674179?
3, 47, 61519
What are the prime factors of 555194426?
2, 277597213
List the prime fa